 1 + 17*o - 6*o. Let z(k) = k**2 + k + 1. Let s(q) = -a(q) + 5*z(q). Let l be (0 - -2*1)*-3. Give s(l).
3
Let n(r) = -r**3 - r**2 - 2. Let h(o) = -o**2 - 2. Let l be h(0). Give n(l).
2
Let q(t) = t**2 + 4*t. Let i(w) = 6*w**2 - 6*w + 8. Let z(r) = r**2 - r + 1. Let y(u) = 2*i(u) - 14*z(u). Let o be y(2). What is q(o)?
-4
Let t(k) = -2*k - k**2 + 4 - 1 + 3*k. Give t(3).
-3
Let t(g) = g**3 - 5*g**2 + 4*g - 5. Let a(c) = 4*c**2 - c. Let z be a(2). Suppose 3*u = -r - 0*u - 25, 0 = r - 3*u - 5. Let q = z + r. What is t(q)?
-5
Let b = -8 + 10. Let k(m) = -m**2 + 6*m**b + 2*m**2 - 2*m**2. Give k(1).
5
Let c(w) = w**2 + 5*w - 5. Let k(m) = -7*m**2 - 2*m + 1. Let f be k(1). Give c(f).
19
Let s(b) = 4*b**2 + b. Let u = 9 - 8. Let p = 0 - u. Give s(p).
3
Let u(l) = -5*l**2 + 4*l + 7. Let r(q) = 4*q**2 - 3*q - 6. Let g(t) = -6*r(t) - 5*u(t). Calculate g(4).
9
Let j be (-19)/5 - (-2)/(-10). Let m(l) = -3*l - l + 5*l. What is m(j)?
-4
Let w = 26 + -27. Let d(a) = -6*a + 1. Calculate d(w).
7
Let q(w) = 2*w**2 - 1. Let k(c) = -c + 4. Let h be k(4). Let d(m) = m**3 - m - 1. Let l be d(h). Give q(l).
1
Suppose -6*n - 3 = -21. Suppose 15 = 5*m + 3*s, -7 = -4*m + 3*s + 5. Suppose -n*g + 0*g = m. Let c(r) = r**2. Determine c(g).
1
Let b(v) = 4*v - 13. Let w(u) = -9*u + 27. Let m(r) = 13*b(r) + 6*w(r). Determine m(-6).
5
Let u(r) be the third derivative of r**6/360 + r**5/20 + r**4/24 - r**2. Let p(n) be the second derivative of u(n). Suppose -6*d + 23*d = -85. What is p(d)?
-4
Let i(q) be the third derivative of -q**6/120 - q**5/12 + q**4/24 + q**3/2 - 2*q**2. Suppose -4*t + 3*k - 1 = 0, 4*k = 4*t - 0*k. Let u = -6 - t. Give i(u).
-2
Let d be 3/(-4) - 6/24. Let a = 3 - 2. Let u(i) = -6*i + i - a + i. What is u(d)?
3
Let u(g) = 4 - 3*g + g + g**2 - 4*g. Let i(p) = -p**2 - 7*p + 4. Let b be i(-7). Give u(b).
-4
Let m(g) be the third derivative of -g**4/24 - 2*g**3/3 + 56*g**2. Determine m(-6).
2
Let z = 14 - 9. Let c(v) = v**2 - 3*v - 5. Determine c(z).
5
Let t(s) = s**3 + 7*s**2 + 6*s + 5. Let m be t(-6). Let i(u) = 0*u - 3*u**2 + m*u**2 + 2*u. Determine i(2).
12
Let z(k) = -13*k**3 + 29*k**2 + 8*k + 24. Let s(m) = -3*m**3 + 7*m**2 + 2*m + 6. Let q(g) = 9*s(g) - 2*z(g). Give q(6).
-18
Let a(p) = -p**3 + 4*p**2 + 5*p - 6. Let w = -14 - -24. Suppose -2*c = -0*c - w. Calculate a(c).
-6
Let z(g) = 3 - 5 - g**2 + 2*g + 3*g. Let n(u) = -u - 7. Let r be n(-7). Suppose 5*m = 5*y + 50, r = -2*m + 5*m + 3*y. What is z(m)?
-2
Let i(h) = 36*h**3 + 2*h + 0*h - 37*h**3 - 6*h**2 + 9 + 0*h**2. Determine i(-6).
-3
Let c(y) = -y + 13*y - 5*y - 6*y + 6. Determine c(-8).
-2
Let r(d) = d**2 - d - 1. Let m be (4/(-10))/(1/(-5)). Suppose m*b + 2 - 6 = 0. Determine r(b).
1
Let q(n) = n**2 + 6*n + 3. Let c be q(-5). Suppose -3*k = 2*m - 10, 0 = 4*k - 8. Let x(r) = -2 - r**3 - r + 0*r + r**m + 2*r. Determine x(c).
8
Suppose 3*w = -2*c + 4, 4 + 8 = 5*w + 2*c. Suppose 0*b = -w*b - 4. Let t(d) be the third derivative of -d**4/6 + d**3/6 - 9*d**2. Give t(b).
5
Let w(n) = 1 + 0*n**3 - 3*n**3 + 2*n + 0*n**3 + 2*n**2. Let p = 12 + -12. Suppose -4*v + 0*v + 12 = p, -2 = -x - v. Give w(x).
4
Let n = 2 + 3. Let m(s) = s**3 - 5*s**2 - 3*s + 6. What is m(n)?
-9
Let s(o) = o**3 + 5*o**2 + 3*o - 4. Let z = 8 - 7. Suppose -2*i + 5 + 3 = 0. Let f = z - i. Give s(f).
5
Let j(o) = -o**2 + o + 1. Let q(n) = 4*n**2 - 10*n - 6. Let s(z) = 3*j(z) + q(z). What is s(6)?
-9
Let a(n) = 9*n**2 + 14*n - 25. Let h(l) = 5*l**2 + 7*l - 13. Let b(o) = -4*a(o) + 7*h(o). Calculate b(-8).
1
Let s(t) = t**3 + 6*t**2 - 6*t - 7. Suppose 0 = 2*f - 5*m + 24, -6*m = -2*m - 8. What is s(f)?
-14
Suppose a + 9 = -2*a. Let i = a - -6. Let c(k) = 0 - 4*k + i + 3*k. Calculate c(-3).
6
Let l(n) = -n**2 - 4*n - 3. Let k(s) = -s**2 - 9*s - 7. Let d(z) = 4*k(z) - 9*l(z). Give d(1).
4
Let p = -20 - -18. Let l(m) = m**3 + 3*m**2 + 4*m + 2. Calculate l(p).
-2
Suppose 3*p + 9 = -6*t + 3*t, -5*t + 30 = -4*p. Let z(w) = -3*w + 1. What is z(t)?
-5
Let t(o) = -o + 5. Let u(a) = -a + 5. Let g(x) = 6*t(x) - 7*u(x). What is g(4)?
-1
Let m(w) = -18*w**2 + 13*w**2 - 3*w - 3*w + 7*w**2 + 3. Let f = 1 + -3. Let x be 0/2 - (f + -2). What is m(x)?
11
Let u(s) = s**3 - 4*s**2 - 7*s + 3. Let x(f) = -f**3 + 9*f**2 - 11*f - 16. Let h be x(7). Determine u(h).
-7
Let f(r) = -2*r**3 - 4*r**2 - 4*r - 2. Let h be f(-2). Suppose h*k = 8*k - 4. Let d(n) = n**2 - n + 1. Give d(k).
3
Let r(t) = -t**3 + 2*t**2 + t + 2. Let k be 1 + -2 + (-6 - -10). What is r(k)?
-4
Suppose 5*j + 0*j = 0. Let a(x) = x**2 + x + 4. Suppose 5*l = 5*i + 5, 3*i = 5*l + i - 14. Let s(g) = -g**2 - g - 3. Let p(d) = l*a(d) + 5*s(d). Give p(j).
1
Suppose -4*l - 6 = -4*y - y, 3*y + l - 7 = 0. Let h(t) be the second derivative of 0 + 1/6*t**3 + 6*t**y + 2*t. What is h(-6)?
6
Let t(h) = -3*h**2 - 1 - 1 + h**3 + h - 1 + 3*h. Give t(2).
1
Let n(m) = -6*m**2 + m. Suppose -3*s = -s + 2. Calculate n(s).
-7
Let j = 5 + 0. Let t(r) = r**2 - 6*r + 2. What is t(j)?
-3
Let w(j) = 2*j**2 + 36*j + 5. Let n be w(-18). Let y(i) = -i**2 + 7*i - 5. Give y(n).
5
Suppose 0 = 3*u - 2*z - z + 6, -z = u - 4. Let q(g) = -g + 4. Let l(j) = -j + 1. Let r(n) = u*q(n) - 5*l(n). Give r(1).
3
Let a(m) = -m**3 + 3*m**2 - 2*m + 1. Suppose 0 = -3*x - x + 8. Suppose x = -2*h + 3*h. What is a(h)?
1
Let x(n) = -2*n + 3. Let p = 3 - 1. Suppose p*q + 6 = 5*q. Calculate x(q).
-1
Let s(z) = 0*z**2 + 3*z**2 + 2*z**3 + 2 - 4*z - 3*z**3. Let r(v) = 6*v**3 - v**2 + v. Let t be r(1). Let o(a) = a**2 - 6*a + 3. Let m be o(t). Give s(m).
-10
Let w(p) = -p - 1. Let o be w(-1). Let j(h) = -h**3 + 2*h - 5*h**2 + o*h - 7 - 5*h. Calculate j(-5).
8
Let g(r) = -r**2 - 3*r - 1. Let a = 0 + -1. Let f be (a/1)/((-2)/(-6)). Let s be g(f). Let x(q) = -8*q. Calculate x(s).
8
Let q(w) be the first derivative of -w**4/4 - 2*w**3/3 - w + 22. Give q(-3).
8
Let s be (18/(-9))/(-3 + -1). Let z(n) be the first derivative of -s*n**2 - n + 1. Calculate z(5).
-6
Let c(q) = q**2 + 6*q - 5. Let n be (-20)/3 + (-2)/6. Let x be c(n). Let k(r) = 3*r**2 + 5 - 5*r**x + 5*r + r**2. What is k(5)?
5
Let j(z) = 1. Let k(x) = -2*x + 8. Let s(w) = -j(w) + k(w). What is s(5)?
-3
Let f(l) = -l - 5. Let w be (-8 + 3)*(-1 + 0). Suppose -w*v - 15 = -0*v. Determine f(v).
-2
Let c(p) = 52 + 0*p**2 + p**2 - 48 + 3*p + 5*p. Calculate c(-5).
-11
Let n(i) be the second derivative of -i**3/6 + 2*i**2 + 26*i. What is n(7)?
-3
Let l(c) = -c - 2. Let o(a) = -a**3 - 11 + 0*a**2 - 5*a**2 + 2*a**2 + 8*a - 5*a**2. Let r be o(-9). Give l(r).
0
Let b(y) = -2*y**2 + 5*y - 3. Suppose -4*d + 0*d = -8. Suppose 4*f = d*f + 6. Determine b(f).
-6
Let b(c) = -6*c**2 - c - 1. Let t = 2 + 3. Suppose s + 1 = -v + 3*s, 5*v + 5*s + t = 0. Determine b(v).
-6
Let v(u) = 5*u - 3. Let p(t) = -9*t - 34. Let b be p(-4). Give v(b).
7
Suppose -5*r - 6 = -2*p, -17 = -4*p + 7*p - r. Let k = 13 + p. Let y = -2 + k. Let o(w) = -2*w**2 + 4*w + 5. Calculate o(y).
-11
Let u(i) = -2*i. Let z be ((-7)/(-21))/(1/9). Suppose -1 + z = -v. Calculate u(v).
4
Let t(b) = -b**3 - 5*b**2 + 6*b + 1. Suppose 4 = -2*j - 3*v, -1 = 3*v + 5. Let g be (-75)/12 + j/4. Give t(g).
1
Let x be 4/12*3*-20. Let k = x - -16. Let q(m) = m**3 + 4*m**2 + 3*m - 1. Give q(k).
-13
Let s(z) be the second derivative of z**4/12 + 4*z**3/3 + 2*z**2 + 38*z - 1. Calculate s(-5).
-11
Let h(v) = -v**2 + 1. Let u(b) = -5*b - 6. Suppose -4*m + 4*t + 24 = 0, m + 3*m + 4*t + 16 = 0. Let z(p) = m*u(p) + h(p). Let q = -5 + 1. Determine z(q).
-1
Suppose 4*s = -4*k + k + 40, -k + 32 = 4*s. Let c(z) = 2*z**3 - 12 - 5*z + s*z**2 - 3*z**3 + 5. Suppose -5*o - 1 = -x, 2*x - 7*x = -5*o - 25. Calculate c(x).
-1
Let z(c) be the first derivative of -c**3/3 + 4*c + 29. Determine z(3).
-5
Let g(q) be the second derivative of q**5/20 + q**4/3 - q**3/3 - q**2/2 - 7*q. Give g(-5).
-16
Let t = -2 + -2. Let w(o) = 9*o + 3. Let r(m) = 18*m + 6. Let z(q) = 3*r(q) - 5*w(q). Let y(p) = -10*p - 4. Let h(u) = t*y(u) - 5*z(u). Determine h(2).
-9
Let z = -28 + 52. Suppose -n + 5*n = -z. Let j = n - -5. Let y(s) = -s**2 - 1. What is y(j)?
-2
Let m(u) = -u + 1. Suppose 5*j - 24 = j. Suppose -5*i + 36 - j = 0. Suppose -3*q + i = -2*q. Give m(q).
-5
Let d(p) be the first derivative of 1 - 3/2*p**2 - 2*p. What is d(-2)?
4
Let t(n) = -n**3 - 7*n**2 - 4*n + 6. Suppose 4*x - 5*x - 6 = 0. Let b be t(x)